 factor of 128 and 116.
4
What is the greatest common divisor of 2684 and 61?
61
What is the greatest common divisor of 832 and 78?
26
What is the greatest common divisor of 20 and 35?
5
Calculate the highest common divisor of 612 and 16932.
204
Calculate the highest common divisor of 19436 and 172.
172
What is the greatest common divisor of 102 and 6?
6
What is the highest common divisor of 1256 and 5181?
157
What is the highest common factor of 536 and 67?
67
Calculate the highest common factor of 704 and 1664.
64
Calculate the highest common divisor of 80 and 140.
20
What is the highest common divisor of 713 and 184?
23
What is the highest common factor of 10428 and 264?
132
Calculate the highest common divisor of 10209 and 246.
123
What is the greatest common divisor of 646 and 34?
34
Calculate the highest common divisor of 8 and 1280.
8
Calculate the greatest common divisor of 9116 and 172.
172
Calculate the greatest common factor of 21 and 3.
3
What is the greatest common factor of 564 and 705?
141
Calculate the highest common divisor of 321 and 3.
3
What is the highest common divisor of 871 and 134?
67
Calculate the highest common factor of 126 and 51.
3
Calculate the greatest common factor of 55 and 176.
11
Calculate the highest common factor of 784 and 154.
14
Calculate the highest common divisor of 195 and 75.
15
What is the highest common factor of 207 and 552?
69
What is the greatest common factor of 212 and 2438?
106
Calculate the highest common factor of 236 and 40.
4
What is the highest common divisor of 2442 and 592?
74
Calculate the greatest common factor of 2 and 4.
2
Calculate the highest common divisor of 1 and 1.
1
Calculate the greatest common factor of 376 and 47.
47
What is the highest common factor of 192 and 336?
48
Calculate the highest common factor of 56 and 9772.
28
What is the greatest common divisor of 10 and 2?
2
Calculate the highest common factor of 560 and 320.
80
Calculate the highest common factor of 637 and 98.
49
What is the greatest common divisor of 962 and 74?
74
What is the highest common divisor of 102 and 34?
34
What is the greatest common divisor of 2338 and 14?
14
Calculate the greatest common factor of 189 and 21168.
189
What is the highest common divisor of 70 and 21?
7
Calculate the greatest common factor of 689 and 1537.
53
What is the greatest common factor of 38 and 532?
38
Calculate the highest common factor of 171 and 3477.
57
What is the highest common divisor of 62 and 558?
62
Calculate the greatest common divisor of 4615 and 65.
65
Calculate the greatest common factor of 19 and 171.
19
Calculate the highest common divisor of 410 and 164.
82
Calculate the greatest common divisor of 6 and 122.
2
Calculate the highest common divisor of 1771 and 77.
77
What is the greatest common divisor of 276 and 1403?
23
Calculate the greatest common factor of 60 and 372.
12
What is the highest common factor of 9344 and 365?
73
Calculate the greatest common divisor of 24 and 732.
12
Calculate the greatest common factor of 52 and 325.
13
Calculate the greatest common factor of 8 and 256.
8
What is the highest common factor of 182 and 14?
14
What is the greatest common factor of 55 and 11?
11
What is the greatest common factor of 2012 and 16?
4
Calculate the highest common factor of 1248 and 468.
156
Calculate the highest common divisor of 30 and 1770.
30
Calculate the highest common divisor of 2940 and 756.
84
What is the highest common divisor of 116 and 870?
58
What is the highest common factor of 2573 and 124?
31
Calculate the greatest common factor of 1980 and 770.
110
What is the highest common factor of 6 and 5262?
6
Calculate the highest common factor of 143029 and 281.
281
What is the greatest common divisor of 272 and 48?
16
Calculate the highest common factor of 9 and 9927.
9
Calculate the highest common factor of 4161 and 285.
57
What is the highest common divisor of 1208 and 344?
8
Calculate the highest common factor of 155 and 4154.
31
What is the highest common divisor of 287 and 273?
7
Calculate the highest common divisor of 18 and 882.
18
Calculate the greatest common divisor of 3528 and 126.
126
What is the highest common divisor of 76 and 703?
19
What is the highest common divisor of 1886 and 322?
46
Calculate the greatest common factor of 935 and 55.
55
Calculate the highest common divisor of 3 and 16.
1
Calculate the highest common factor of 19271 and 7.
7
Calculate the highest common factor of 1394 and 68.
34
What is the greatest common factor of 750 and 330?
30
Calculate the greatest common divisor of 476 and 2023.
119
What is the highest common factor of 180 and 620?
20
What is the highest common divisor of 2295 and 15?
15
What is the greatest common divisor of 1836 and 27?
27
What is the greatest common divisor of 24 and 448?
8
Calculate the highest common divisor of 39 and 273.
39
What is the greatest common factor of 58 and 42514?
58
What is the highest common factor of 213 and 1349?
71
What is the highest common divisor of 2268 and 2106?
162
What is the greatest common factor of 806 and 62?
62
Calculate the greatest common factor of 3904 and 61.
61
What is the greatest common divisor of 7906 and 2144?
134
Calculate the greatest common factor of 11998 and 21.
7
What is the highest common factor of 168 and 24?
24
What is the highest common divisor of 8 and 5?
1
What is the highest common factor of 1793 and 6031?
163
Calculate the greatest common factor of 30 and 765.
15
What is the greatest common divisor of 36 and 27?
9
What is the greatest common divisor of 1782 and 110?
22
Calculate the highest common divisor of 36 and 162.
18
Calculate the greatest common factor of 1287 and 4950.
99
What is the greatest common factor of 31 and 8432?
31
What is the highest common factor of 31 and 3348?
31
Calculate the greatest common factor of 740 and 1665.
185
Calculate the highest common factor of 198 and 18810.
198
Calculate the greatest common divisor of 4 and 12372.
4
Calculate the highest common divisor of 676 and 3328.
52
What is the highest common factor of 106 and 265?
53
What is the greatest common factor of 618 and 18?
6
What is the highest common factor of 2613 and 2211?
201
What is the highest common divisor of 12 and 42?
6
Calculate the greatest common divisor of 73 and 1898.
73
What is the greatest common divisor of 24 and 168?
24
Calculate the greatest common factor of 10101 and 42.
21
Calculate the highest common factor of 13 and 9.
1
What is the greatest common factor of 64 and 68?
4
What is the greatest common factor of 21164 and 52?
52
What is the greatest common factor of 72 and 1935?
9
What is the highest common divisor of 126 and 1456?
14
What is the highest common divisor of 9 and 1521?
9
Calculate the highest common factor of 16 and 231.
1
What is the highest common divisor of 5 and 590?
5
What is the greatest common divisor of 100 and 1375?
25
What is the highest common divisor of 221 and 17?
17
What is the greatest common divisor of 74 and 2?
2
What is the greatest common factor of 9040 and 320?
80
Calculate the highest common divisor of 192 and 417.
3
What is the highest common divisor of 1469 and 52?
13
Calculate the highest common factor of 3006 and 18.
18
Calculate the greatest common divisor of 33 and 95997.
33
Calculate the greatest common divisor of 876 and 156.
12
What is the greatest common factor of 8300 and 10?
10
Calculate the greatest common factor of 400 and 608.
16
Calculate the highest common divisor of 1414 and 14.
14
What is the greatest common factor of 5 and 245?
5
What is the greatest common divisor of 12274 and 38?
38
What is the greatest common divisor of 2 and 440?
2
What is the highest common divisor of 18 and 44262?
18
What is the greatest common factor of 5076 and 36?
36
Calculate the highest common divisor of 11242 and 770.
154
What is the greatest common divisor of 3476 and 44?
44
What is the greatest common divisor of 365 and 5?
5
What is the highest common factor of 36 and 9?
9
What is the highest common factor of 18 and 96?
6
Calculate the greatest common divisor of 546 and 273.
273
What is the highest common factor of 92 and 8?
4
What is the highest common factor of 432 and 624?
48
What is the highest common divisor of 1 and 439